hen q is divided by g?
20
Let q = -2 - -7. Suppose -4 - 34 = -b - 2*r, -q*b + 130 = -2*r. Let d(k) = k**2 - 37*k - 68. Calculate the remainder when b is divided by d(39).
8
Let g be 16/20 + -1 - (-72)/10. Suppose -y - g*y = -160. Calculate the remainder when 98 is divided by y.
18
Let c = -787 - -1376. Calculate the remainder when c is divided by 196.
1
Let v(m) = m + 1. Let k be v(6). Suppose -x - 5*y + k = -0*x, 0 = y - 1. What is the remainder when 10 is divided by x?
0
Suppose -38*n - 1640 = -42*n. What is the remainder when n is divided by 105?
95
Let w(a) = -3*a + 3. Let i(d) = d**2 - d + 1. Let v(o) = 4*i(o) - w(o). What is the remainder when v(4) is divided by 21?
19
Let u(l) = -l**2 + 32*l - 26. What is the remainder when u(30) is divided by 12?
10
Let i(h) = -h**2 + 17*h - 5. Let d(f) = -2*f**2 + 35*f - 11. Let w(l) = -3*d(l) + 7*i(l). What is the remainder when w(10) is divided by 13?
12
Suppose -121*o + 113*o + 352 = 0. What is the remainder when o is divided by 28?
16
Let p(x) = -21*x - 9. Let l(m) = 31*m + 14. Let w(f) = -5*l(f) - 8*p(f). Let g(a) = 16*a - 3. Calculate the remainder when g(2) is divided by w(1).
14
Let n(h) be the second derivative of -h**5/10 + h**4/12 + 5*h**3/6 + h**2/2 - 32*h. Calculate the remainder when 27 is divided by n(-2).
5
Suppose -3*a - 4 = -4*a + 2*m, 0 = -3*a + 2*m + 4. Suppose a*s - 36 = -6*s. Calculate the remainder when 13 is divided by s.
1
Suppose 0 = -9*h + 7*h + 8. Suppose h + 41 = 5*a. Let p(u) = u**3 - 5*u**2 - 3*u + 8. Calculate the remainder when p(6) is divided by a.
8
Suppose 3*f - 4*v = -57, -45 = 2*f - 0*v - 5*v. Let q = -2 - f. What is the remainder when 0 + 1/((-1)/(-37)) is divided by q?
11
Let q be (0/(-5))/(-1 - 0). Suppose 5*x - s - 5 = q, 3*x + 15 = 5*s - 4. Suppose -x*t = 2*t - 24. Calculate the remainder when t is divided by 4.
2
Let j = 255 + -215. Calculate the remainder when 318 is divided by j.
38
Suppose -4*m - 5 = m - b, 0 = -m + 2*b - 10. Suppose m = -13*k + 224 + 23. What is the remainder when 33 is divided by k?
14
Suppose 0 = -18*l + 17*l + 3. Let c be (-8)/(-10)*(-120)/(-4). Suppose 0 = -5*t + 2*t + c. Calculate the remainder when t is divided by l.
2
Suppose -j - 4*j - 10 = 0, -2*c + 2*j = -454. What is the remainder when c is divided by 23?
18
Let w(f) = f. Suppose 26 = b - 3*c, 3*b + 3*c = 27 + 3. Calculate the remainder when b is divided by w(6).
2
Suppose -72*v + 920 = -49*v. Let y = 8 - -13. Calculate the remainder when v is divided by y.
19
Suppose 0 = -18*j + 63 + 117. Let i = -21 - 132. Calculate the remainder when i/(-4) - (-18)/24 is divided by j.
9
Suppose -4*u - 216 = -39*m + 36*m, 72 = m - 3*u. What is the remainder when m is divided by 20?
12
Let m(j) = -9 - j + 0*j**2 + 7*j**2 + 7*j. Calculate the remainder when m(2) is divided by 11.
9
Suppose -5 = -c, -h - 3*c + 36 = -5. Calculate the remainder when 48 is divided by h.
22
Let y(o) = 2*o**3 - 3*o**2 + 2*o - 22. What is the remainder when y(4) is divided by 17?
15
Let f(s) = 32*s - 166. What is the remainder when 430 is divided by f(8)?
70
Suppose -22*f = f - 16928. Calculate the remainder when f is divided by 67.
66
Suppose 160*x - 288 = 158*x. What is the remainder when x is divided by 73?
71
Let d(j) = -76*j. What is the remainder when d(-1) is divided by 20?
16
Let w(g) = g**3 + 20*g**2 - g - 1. Let m be w(-20). Let r = m + 6. What is the remainder when 97 is divided by r?
22
Suppose -4*f - 20 = -0. Let v(p) = -7*p - 21. Calculate the remainder when 97 is divided by v(f).
13
Let j = 1693 - 1688. Calculate the remainder when 2 - -1*(1 + 24) is divided by j.
2
Let k(m) = m**2 - 27*m + 72. Let o = -50 - -12. Let y = 54 + o. What is the remainder when k(26) is divided by y?
14
Let y = 2 - 3. Suppose 5*p + 452 = -h, -5*p - 220 = -3*h + 224. Calculate the remainder when y + p/(4 - 6) is divided by 15.
14
Calculate the remainder when -10*(-5 - 76/(-20)) is divided by 8.
4
Let u(f) = -110*f - 1177. Calculate the remainder when u(-12) is divided by 8.
7
Let u be 18/(-30) - (-53)/5. Suppose u = -4*s - 10, 4*s = -o + 4. Calculate the remainder when o is divided by 8.
0
Let j be 12/(-66) - (-312)/22. Suppose 3*s - 12 = -0, s = -2*r + j. What is the remainder when 10/(-15)*42/(-4) is divided by r?
2
Suppose -2*b + 6*k = 10*k - 72, -2*k + 82 = 2*b. What is the remainder when 197 is divided by b?
13
Let q(c) = c - 9. Let k be q(4). Let v = 10 - k. Calculate the remainder when 23 is divided by v.
8
Suppose 4*m - 82 = 114. Let h(o) = o**3 + 9*o**2 + 11*o + 5. Let q be h(-7). What is the remainder when m is divided by (-2)/(-8)*q*2?
10
Suppose 2*b + 5*r - 39 = 5*b, 0 = 3*r. Let t = -2 - b. Calculate the remainder when t is divided by 3.
2
Let u(r) = -30*r - 715. Let g(m) = -m**2 + 9*m. Let h be g(8). What is the remainder when u(-24) is divided by 30/h - 5/(-20)?
1
Let v(l) = l**3 + 13*l**2 - 14*l + 14. Suppose 5*t + 15 = -20. Let j(y) = -y + 1. What is the remainder when v(-14) is divided by j(t)?
6
Let m(b) = b**2 + 24*b + 35. What is the remainder when m(-27) is divided by 59?
57
Let c(q) = 4*q**2 - q. Let w be c(-4). Suppose -6*s = -214 - w. Calculate the remainder when s is divided by 16.
15
Let j be 7/(14/4)*-74. Calculate the remainder when 5/(-15) + (2 - j/3) is divided by 9.
6
Let c = 48 + -19. What is the remainder when 113 is divided by c?
26
Suppose -5*y = -56 - 39. Suppose -3*p + 3*b + 30 = 0, -5*p - 5*b + 19 = -21. What is the remainder when y is divided by p?
1
Let c(h) = 2*h - 5 + 32 - 3. Calculate the remainder when c(8) is divided by 6.
4
Let c(t) = -t**2 - 11*t - 7. Suppose -2*r + 3*l = -14, 4*r - 3*l - 2*l = 32. Calculate the remainder when c(-7) is divided by r.
8
Suppose 12*w - 15*w + 45 = 0. Let b = -92 - -104. Calculate the remainder when w is divided by b.
3
Suppose 9*y - 14*y + 240 = 0. What is the remainder when y is divided by 1784/72 + (-2)/(-9)?
23
Let l = 3 + -4. Let m be l/4*3*8. Calculate the remainder when 5 is divided by 3/m*4 + 4.
1
Suppose -9*t - 200 = -839. Calculate the remainder when t is divided by 14.
1
Let n = -24 + 17. Let j = n - -11. Let x(m) = -m**3 - m**2 + 4*m + 4. What is the remainder when x(-3) is divided by j?
2
What is the remainder when 56 is divided by ((-357)/(-12))/1 + 1/4?
26
Let k(x) = -5*x + 3. Let m be k(3). Let r = m + 6. Let b(l) = 2*l**2 + 8*l - 3. What is the remainder when b(r) is divided by 8?
5
Suppose 0 = -3*x + 3*y + 711, -2*x = 3*x + 5*y - 1195. What is the remainder when x/3 - 1 - 11/33 is divided by 16?
14
Let x(v) = v + 17. Let d be x(-8). Suppose 0 = d*t - t - 72. Let u = 5 - -1. Calculate the remainder when t is divided by u.
3
Suppose 13*t - 12*t = -7. Calculate the remainder when 18 is divided by t/(-14) - 25*3/(-6).
5
Let d = 104 - 106. What is the remainder when (17 - d)/(4/28) is divided by 34?
31
Let f(o) = 3*o**2 - 30*o - 11. What is the remainder when f(-8) is divided by 108?
97
What is the remainder when 374 is divided by ((-54)/(-10))/((-48)/(-160))?
14
Suppose 4*t = -2*g + 40, 2*g = 3*t - 0*g - 30. Suppose 43*r = 42*r + 29. Calculate the remainder when r is divided by t.
9
Suppose 0 = 2*q - 5*k - 221, -5*k + 369 = -q + 4*q. What is the remainder when q is divided by 10?
8
Suppose c - 4 = 2*r, -c - r - 6 = 2*r. Let d = c - -2. Suppose -d*n = -27 + 5. What is the remainder when 41 is divided by n?
8
Let t be (-4 - -1) + (-4 - -3). Suppose 12 = -2*f + 6*f. Calculate the remainder when f is divided by t*(3 - 60/16).
0
Let a be 25/10 - (-6)/(-4). What is the remainder when ((-15)/(-18))/(a/6) is divided by 4?
1
What is the remainder when 105 is divided by (-10)/35*7 - -11?
6
Let q = 120 + 87. Calculate the remainder when q is divided by 26.
25
Let q = -58 + 112. What is the remainder when q is divided by 14?
12
Suppose 0 = 6*i + 2 - 32. Suppose -3*k = -4*u + i*u - 72, 2*k + u - 47 = 0. What is the remainder when 97 is divided by k?
22
Suppose u - r = 438, -17*u + 2*r = -18*u + 435. What is the remainder when u is divided by 110?
107
Let u(h) = h**2 + 3*h - 3. Let a be u(-7). Suppose -3*r + 272 = -a. Calculate the remainder when r is divided by 26.
21
Let x = -177 - -181. Calculate the remainder when 45 is divided by x.
1
What is the remainder when (310/(-775))/(1/(-591 + 1)) is divided by 62?
50
Let c = 87 - 166. Let f = c - 